se
Does 6 divide 2877366?
True
Is 262690 even?
True
Does 310 divide 26970?
True
Is 864 a factor of 14427735?
False
Is 43 a factor of 2326300?
True
Is 227349 a multiple of 3?
True
Does 14 divide 15106910?
True
Is 32 a factor of 572320?
True
Does 390 divide 12407070?
True
Does 6 divide 195606?
True
Is 14 a factor of 649824?
True
Is 16 a factor of 962003?
False
Is 486 a factor of 5883346?
False
Is 147148 a multiple of 48?
False
Does 20 divide 169860?
True
Is 40289805 a multiple of 159?
True
Is 186684 a multiple of 6?
True
Is 215 a factor of 1917800?
True
Is 10356521 a multiple of 41?
False
Is 233701 a multiple of 25?
False
Is 235842 a multiple of 254?
False
Is 1461896 a multiple of 8?
True
Does 32 divide 658848?
True
Does 31 divide 4267388?
False
Is 234230 a multiple of 10?
True
Is 15 a factor of 4050195?
True
Is 479335 a multiple of 37?
True
Does 981 divide 5641498?
False
Is 100 a factor of 2909200?
True
Does 10 divide 3702470?
True
Is 69 a factor of 435992?
False
Is 878980 a multiple of 71?
True
Is 2 a factor of 1151856?
True
Is 149239 a multiple of 8?
False
Is 47 a factor of 1547386?
False
Is 12038524 a multiple of 100?
False
Is 2607104 a multiple of 536?
True
Does 61 divide 235074?
False
Does 419 divide 171790?
True
Is 71484 a multiple of 222?
True
Does 1081 divide 722310?
False
Is 77836 a multiple of 29?
True
Is 199917 a multiple of 97?
True
Is 93 a factor of 513926?
False
Does 9 divide 155592?
True
Is 17 a factor of 2831656?
True
Is 80 a factor of 1105217?
False
Is 501920 a multiple of 2?
True
Is 7948104 a multiple of 112?
False
Does 31 divide 103726?
True
Does 14 divide 1118145?
False
Is 897 a factor of 1437891?
True
Is 582686 a multiple of 26?
True
Is 60040 a multiple of 380?
True
Is 9965 a multiple of 266?
False
Does 42 divide 18396?
True
Is 9909945 a multiple of 27?
True
Is 95 a factor of 36854?
False
Is 704 a factor of 995456?
True
Is 276336 a multiple of 76?
True
Does 130 divide 93210?
True
Is 83335 a multiple of 7?
True
Is 2822232 a multiple of 471?
True
Is 3044 a multiple of 44?
False
Does 167 divide 3598656?
False
Does 32 divide 1061280?
True
Does 49 divide 18393?
False
Does 135 divide 5451840?
True
Is 289 a factor of 680967?
False
Is 1450412 a multiple of 282?
False
Does 124 divide 614478?
False
Does 17 divide 76636?
True
Is 290 a factor of 5161710?
True
Is 2960751 a multiple of 409?
True
Does 46 divide 99084?
True
Is 2 a factor of 3462?
True
Is 148923 a multiple of 403?
False
Is 140 a factor of 1175580?
True
Is 2 a factor of 2278?
True
Does 40 divide 269197?
False
Is 33 a factor of 1276244?
False
Is 657540 a multiple of 180?
True
Is 1529936 a multiple of 16?
True
Is 665157 a multiple of 93?
False
Does 343 divide 311101?
True
Is 31 a factor of 750324?
True
Is 204 a factor of 221340?
True
Is 446625 a multiple of 7?
False
Is 612 a factor of 1308405?
False
Is 395383 a multiple of 63?
False
Is 232 a factor of 1033139?
False
Does 26 divide 58340?
False
Does 15 divide 142590?
True
Is 9758124 a multiple of 173?
False
Does 68 divide 4396726?
False
Does 170 divide 155079?
False
Is 117 a factor of 65156?
False
Is 29375 a multiple of 25?
True
Is 34 a factor of 35216?
False
Is 2553392 a multiple of 29?
True
Is 324714 a multiple of 299?
True
Does 87 divide 139912?
False
Is 18 a factor of 685854?
True
Does 331 divide 187015?
True
Is 7 a factor of 1225?
True
Does 68 divide 1041981?
False
Is 714 a factor of 3523590?
True
Is 1152 a factor of 3734784?
True
Is 139 a factor of 118326?
False
Is 617838 a multiple of 16?
False
Is 12 a factor of 854040?
True
Is 8586627 a multiple of 129?
True
Is 3 a factor of 88896?
True
Does 263 divide 382702?
False
Is 45663 a multiple of 45?
False
Does 52 divide 107868?
False
Is 102 a factor of 1812765?
False
Is 57 a factor of 1470054?
False
Is 2230632 a multiple of 23?
True
Is 20 a factor of 269390?
False
Does 50 divide 29941?
False
Is 4180600 a multiple of 8?
True
Is 335576 a multiple of 28?
False
Is 16 a factor of 2570528?
True
Is 23 a factor of 144512?
False
Is 9 a factor of 52137?
True
Is 697350 a multiple of 90?
False
Does 158 divide 498648?
True
Is 19678932 a multiple of 13?
True
Does 584 divide 1631422?
False
Is 2082373 a multiple of 24?
False
Is 43 a factor of 2163495?
False
Is 381371 a multiple of 67?
False
Does 263 divide 10541980?
False
Does 12 divide 329922?
False
Does 122 divide 165432?
True
Does 228 divide 156581?
False
Is 38 a factor of 13375506?
True
Does 119 divide 4658731?
True
Does 351 divide 222745?
False
Is 2158991 a multiple of 1167?
False
Is 246 a factor of 4723446?
True
Is 21436 a multiple of 52?
False
Does 147 divide 174048?
True
Is 989002 a multiple of 21?
False
Is 89949 a multiple of 206?
False
Is 17705 a multiple of 7?
False
Is 8 a factor of 6351734?
False
Is 151 a factor of 641594?
False
Is 50 a factor of 2245072?
False
Does 771 divide 488043?
True
Is 683415 a multiple of 11?
False
Is 733 a factor of 2835140?
False
Is 191 a factor of 5554561?
False
Does 205 divide 905451?
False
Is 483403 a multiple of 564?
False
Is 18 a factor of 7416?
True
Is 1579974 a multiple of 4?
False
Is 3933084 a multiple of 84?
False
Does 832 divide 977600?
True
Is 5026927 a multiple of 608?
False
Is 8 a factor of 18304?
True
Is 10292683 a multiple of 64?
False
Is 15 a factor of 1272942?
False
Is 49 a factor of 380387?
True
Does 9 divide 854766?
True
Is 225 a factor of 6295275?
True
Does 6 divide 1282399?
False
Is 1245 a multiple of 5?
True
Is 160702 a multiple of 38?
True
Is 205 a factor of 250920?
True
Does 22 divide 1727022?
True
Is 8 a factor of 115306?
False
Does 191 divide 10762662?
False
Does 1219 divide 9387022?
False
Is 119160 a multiple of 3?
True
Is 7576664 a multiple of 1151?
False
Does 122 divide 1911130?
True
Is 32 a factor of 16653?
False
Is 281400 a multiple of 280?
True
Does 275 divide 707810?
False
Does 21 divide 190601?
False
Does 17 divide 67999?
False
Is 231942 a multiple of 58?
True
Is 17036995 a multiple of 22?
False
Is 185121 a multiple of 18?
False
Is 222085 a multiple of 197?
False
Is 802982 a multiple of 43?
True
Does 69 divide 141729?
False
Does 82 divide 51068?
False
Does 14 divide 491792?
True
Is 45 a factor of 12770675?
False
Is 554 a factor of 2780714?
False
Does 5 divide 7701000?
True
Is 21 a factor of 76452?
False
Is 52000 a multiple of 22?
False
Does 10 divide 174629?
False
Is 38 a factor of 7233735?
False
Does 12 divide 1059664?
False
Is 5905583 a multiple of 78?
False
Does 8 divide 41878?
False
Is 24 a factor of 367128?
True
Is 60039 a multiple of 44?
False
Does 1200 divide 2336400?
True
Is 346806 a multiple of 46?
False
Does 1583 divide 1375627?
True
Is 20967362 a multiple of 1882?
True
Does 9 divide 541714?
False
Is 149142 a multiple of 21?
True
Is 1077 a factor of 3895283?
False
Is 12672862 a multiple of 46?
True
Is 485800 a multiple of 350?
True
Is 375615 a multiple of 357?
False
Does 30 divide 3883140?
True
Is 14204841 a multiple of 159?
False
Is 62140 a multiple of 65?
True
Is 7644806 a multiple of 377?
True
Is 12 a factor of 1992600?
True
Is 3 a factor of 77305?
False
Does 4 divide 695669?
False
Is 253069 a multiple of 22?
False
Does 19 divide 5929216?
True
Is 325535 a multiple of 35?
True
Is 4417529 a multiple of 98?
False
Is 13 a factor of 253940?
False
Is 5 a factor of 8825?
True
Is 7834443 a multiple of 108?
False
Does 51 divide 39525?
True
Is 2047703 a multiple of 154?
False
Is 12 a factor of 172148?
False
Does 862 divide 1568477?
False
Is 208 a factor of 2043392?
True
Does 117 divide 470457?
True
Is 74800 a multiple of 80?
True
Does 11 divide 10431509?
True
Does 3 divide 97454?
False
Is 275875 a multiple of 575?
False
Is 331605 a multiple of 5?
True
Does 12 divide 515358?
False
Is 597480 a multiple of 65?
True
Does 56 divide 80976?
True
Is 28 a factor of 109019?
False
Does 515 divide 659200?
True
Is 539 a factor of 2256254?
True
Is 256 a factor of 134912?
True
Is 33169 a multiple of 18?
False
Is 11 a factor of 1006224?
False
Is 92384 a multiple of 20?
False
Is 30613 a multiple of 23?
True
Does 3 divide 14601?
True
Does 90 divide 443430?
True
Is 62 a factor of 106153?
False
Is 894936 a multiple of 13?
False
Is 483796 a multiple of 105?
False
Is 18 a factor of 69408?
True
Is 152 a factor of 204440?
True
Is 26 a factor of 47554?
True
Is 349 a factor of 554910?
Tru